9, what is 453130 + -123?
453006
In base 15, what is -5 - e99e70d?
-e99e713
In base 14, what is -18b0 + 339?
-1575
In base 12, what is -9 + 91572a?
915721
In base 15, what is -2ebb83 + 6?
-2ebb7c
In base 11, what is 1151009 - 1?
1151008
In base 15, what is -2b7ded + 4?
-2b7de9
In base 15, what is -517b437 + -2?
-517b439
In base 16, what is 1a61 + -646c?
-4a0b
In base 6, what is 4512 + -111023215?
-111014303
In base 16, what is -2a - -24573?
24549
In base 8, what is 3 + -67703117?
-67703114
In base 8, what is -77362 + -13?
-77375
In base 5, what is -142332240 + -2333?
-142340123
In base 5, what is -10224 - 302023?
-312302
In base 11, what is 1 - 27780898?
-27780897
In base 2, what is -101101000100100000101111101 + -11?
-101101000100100000110000000
In base 10, what is 2518587 - 33?
2518554
In base 14, what is -1043 - 12c2?
-2325
In base 6, what is 5 - -35024515?
35024524
In base 3, what is -1211101 + -110012002?
-112000110
In base 9, what is 43020515 - 3?
43020512
In base 5, what is -2204122 + 2200?
-2201422
In base 16, what is -4b4 - -12f94?
12ae0
In base 6, what is -25 - -52225252?
52225223
In base 2, what is 10111011000111000 + -1011101101101?
10101111011001011
In base 13, what is -8507520 - b?
-850752b
In base 2, what is 1011101010010001 + -110000011?
1011100100001110
In base 13, what is -aa - 4bc85?
-4c062
In base 15, what is 5 + 233ec1a?
233ec20
In base 16, what is -2bcdd0 + 3?
-2bcdcd
In base 4, what is -11313 - 312303122?
-312321101
In base 2, what is 1100001010101110100111 - -10001?
1100001010101110111000
In base 15, what is 34 + -106bab2?
-106ba7d
In base 3, what is -2022200010121 - -11022?
-2022122222022
In base 10, what is -2220162 + 0?
-2220162
In base 8, what is 65 + 15652635?
15652722
In base 6, what is 223 + -151433530?
-151433303
In base 16, what is -4 + -2bd88e?
-2bd892
In base 15, what is -240cd2 + -71?
-240d53
In base 6, what is 43 - 32402031?
-32401544
In base 12, what is -30657761 - 9?
-3065776a
In base 11, what is 228a + -74283?
-71aa4
In base 2, what is -100 + 1101011100101111100101111?
1101011100101111100101011
In base 4, what is -13 + -20211121013?
-20211121032
In base 11, what is -985a694 + -4?
-985a698
In base 9, what is 208081 + -252?
207728
In base 6, what is -13003 - 21543?
-34550
In base 12, what is -46842 + -5?
-46847
In base 12, what is 3 - 5b05768?
-5b05765
In base 16, what is 7ab42a9 - 0?
7ab42a9
In base 16, what is c5 + -78b?
-6c6
In base 12, what is 14a1b2 - 35?
14a179
In base 15, what is -5 - -45579b?
455796
In base 7, what is -100262163 + -66?
-100262262
In base 12, what is -3469 + 861?
-2808
In base 15, what is a975aa - 4?
a975a6
In base 8, what is 3 + 177506620?
177506623
In base 12, what is -31 + 152576a?
1525739
In base 9, what is -8407 - 13357?
-22765
In base 16, what is 4240 - 0?
4240
In base 8, what is -125 - -1523531?
1523404
In base 4, what is 11033132 + 2030001?
13123133
In base 16, what is -21 + -282b94?
-282bb5
In base 3, what is 1021222102001121 - -1?
1021222102001122
In base 13, what is -2 - -83410cc?
83410ca
In base 11, what is -4485 - 2131?
-6606
In base 6, what is -5 + 4320140205?
4320140200
In base 8, what is -15600 - 7073?
-24673
In base 8, what is -30007 + 12175?
-15612
In base 14, what is 585c + 400?
5c5c
In base 3, what is 201000100200 + 10?
201000100210
In base 8, what is -63240 - -70?
-63150
In base 7, what is -4602625664 - -6?
-4602625655
In base 10, what is -1202616 + 44?
-1202572
In base 9, what is 7 - 1460275?
-1460267
In base 10, what is 792051 + -442?
791609
In base 5, what is -22431343 + 121?
-22431222
In base 3, what is -2021120120 + 210221?
-2020202122
In base 11, what is -6045226 - -16?
-6045210
In base 7, what is 4513 + 10263?
15106
In base 8, what is -5 + 55675?
55670
In base 4, what is 101 - -12022333301?
12023000002
In base 10, what is 1 - -25293591?
25293592
In base 12, what is -767a9394 - -4?
-767a9390
In base 13, what is -27 - -23a03b?
23a014
In base 2, what is -10000110 + -1100111010111010101?
-1100111011001011011
In base 7, what is 412500 + 41622?
454422
In base 12, what is -2366 + 46a6?
2340
In base 14, what is -24cd39c - 3?
-24cd3a1
In base 8, what is -42103 - -320?
-41563
In base 13, what is -118c44 - 4?
-118c48
In base 10, what is -1 - -9200960?
9200959
In base 6, what is -155352245 - 50?
-155352335
In base 6, what is 4 - -1232544252?
1232544300
In base 4, what is 30230012 - 101331?
30122021
In base 5, what is 2 + -13124210444?
-13124210442
In base 10, what is -48064 - 4683?
-52747
In base 7, what is -62622 + 464?
-62125
In base 6, what is 113 + 1435252?
1435405
In base 13, what is -a107b - 500?
-a157b
In base 11, what is -149039 - 9?
-149047
In base 6, what is 22322115151 - -1?
22322115152
In base 10, what is 529116 + 1?
529117
In base 2, what is 10 - -101100000000011100101101001?
101100000000011100101101011
In base 10, what is 3076055 - 40?
3076015
In base 15, what is -7a - -18693?
18618
In base 15, what is 79364 + -c67?
785ec
In base 16, what is -6a - 5dc733?
-5dc79d
In base 4, what is -30033 - -3031200000?
3031103301
In base 12, what is 1393 - 95057?
-93884
In base 4, what is -11 + -12312013001121?
-12312013001132
In base 14, what is -59c2 - 829?
-640b
In base 16, what is -375a5 - 1fd?
-377a2
In base 9, what is 1082 - 482536?
-481444
In base 4, what is 3022032021021 + -2?
3022032021013
In base 15, what is -1b5348 + 51?
-1b52e7
In base 11, what is 398 + 2773aa?
277797
In base 11, what is 10237a - 2183?
1001a7
In base 16, what is -80d7af + 1?
-80d7ae
In base 9, what is 45128 + -2614?
42414
In base 3, what is 120111111100200 + 10010?
120111111110210
In base 14, what is -1a96a + c99?
-19ab1
In base 15, what is 691 + -2e0?
3a1
In base 9, what is -217112 + -352?
-217464
In base 10, what is -958373 - 23?
-958396
In base 8, what is 52 + -32322456?
-32322404
In base 16, what is c6 + -53c3?
-52fd
In base 15, what is -26036 - bd?
-26104
In base 3, what is 0 - 10212001202012101?
-10212001202012101
In base 8, what is 5 - 1515474155?
-1515474150
In base 2, what is -100101010 - 110000101110101011?
-110000110011010101
In base 7, what is 510534 - 4411?
503123
In base 14, what is -1 - 148c4927?
-148c4928
In base 15, what is 5 + -579de?
-579d9
In base 2, what is 10 - -10101001100100110011?
10101001100100110101
In base 11, what is -1051059 - 21?
-105107a
In base 9, what is 317855080 - -3?
317855083
In base 15, what is -1182b5 + -14?
-1182c9
In base 16, what is -31 + -227cfe?
-227d2f
In base 9, what is 636132 - 156?
635865
In base 12, what is -17162 + 1748?
-15616
In base 8, what is -4 - -341533465?
341533461
In base 7, what is 1415044253 - -3?
1415044256
In base 14, what is 4 - -142c6295?
142c6299
In base 13, what is 1 - 13544ba?
-13544b9
In base 8, what is 366 + -21725?
-21337
In base 5, what is 11104 + -140004012?
-134442403
In base 7, what is -2150115 + 61?
-2150024
In base 10, what is -2648820 + -106?
-2648926
In base 8, what is 21053 + 305340?
326413
In base 10, what is 1240 + 1323?
2563
In base 5, what is -3142 + -120320?
-124012
In base 14, what is 17 + 107bcb8?
107bcd1
In base 10, what is -209561 + 3?
-209558
In base 3, what is -2112011 - 200202110?
-210021121
In base 7, what is 4 + -1606031?
-1606024
In base 14, what is bc19 - 227a?
997d
In base 13, what is -266 + -6c79?
-7212
In base 9, what is -30770003 + -4?
-30770007
In base 5, what is 23020304 - -224?
23021033
In base 8, what is 3 + -1174243030?
-1174243025
In base 12, what is 4a + 128496?
128524
In base 7, what is 6 - -1612561?
1612600
In base 3, what is 122011002 - 102000?
121202002
In base 3, what is 200 + 12000101212?
12000102112
In base 10, what is 77 + 4983?
5060
In base 11, what is -697 + 3212?
2626
In base 10, what is 5 + 43486?
43491
In base 13, what is -15c43c4c - -5?
-15c43c47
In base 8, what is -16513112 - 63?
-16513175
In base 6, what is -444040 + -10143?
-454223
In base 12, what is 5a035b9 - -13?
5a03610
In base 2, what is 11010100 + 11111010010010?
11111101100110
In base 16, what is -f10 - e78?
-1d88
In base 14, what is 27d55 - c8?
27c6b
In base 13, what is -1c - 2575067?
-2575086
In base 5, what is -2 - 2323001032?
-2323001034
In base 5, what is 32402200 - 1204?
32400441
In base 11, what is 6 + -25283105?
-252830aa
In base 15, what is -a0d + -4cc6?
-57d4
In base 10, what is -6018684 - 1?
-60